d derivative of n**4/12 + n**3/6 + n**2 - 83*n. Give f(5).
32
Let v = 36 + -26. Let l(b) = -4*b**2 - 3 + 5 + b**3 + 0 + v*b**2 - 2*b. Determine l(-6).
14
Let i(q) = -q**2 + 6*q + 7. Let s = -8 - -10. Let b(z) = 0*z**2 - 7*z + 0*z**2 - 3*z**2 + 6 + 2*z**s. Let n be b(-7). Calculate i(n).
7
Let v(f) = 1. Let u = -37 + 36. Let o(d) = -d + 4. Let m(s) = u*o(s) + 6*v(s). Determine m(-2).
0
Let z(o) = 9*o + o**3 + 4*o**2 + 57 - 14*o**2 - 54. Determine z(9).
3
Let m(t) be the first derivative of 8*t**2 - 6*t + 525. Calculate m(4).
58
Suppose 5*t + 13 + 2 = 0. Let u(i) be the second derivative of -i**4/12 - 2*i**3/3 + i**2/2 - 7*i. Give u(t).
4
Let d(w) = w**2 + 5*w + 5. Let t be d(-5). Suppose 0 = -4*v + 5*x + 16, 0 = -4*v - x - 0*x + 16. Let i(z) = -4*z + v - z + z**2 + 2 + z. Give i(t).
11
Suppose 12*x - 16*x + 360 = 0. Let p be (-2)/(-8) - x/(-24). Let a(d) be the third derivative of d**5/60 - d**4/6 + d**3/3 + 2*d**2. Determine a(p).
2
Let m(j) = 3*j - 1. Suppose 7*f - 22 + 1 = 0. Suppose -3*d + 4*v - f = 0, 5*d - 2*v = -5*v + 24. Give m(d).
8
Let h(z) = -10*z**2 - 52*z - 17. Let x(d) = -7*d**2 - 35*d - 11. Let q(b) = 5*h(b) - 7*x(b). Let p be q(-15). Let t(k) = -k**2 - 7*k + 3. Give t(p).
-5
Let s = 3 + 2. Let p be 2/(-6)*(2 - s). Let u(a) = 4*a**3 - 260*a + 1 - 259*a + 517*a + 2*a**2. Give u(p).
5
Let o(y) = -y**3 + 11*y**2 + 7. Let c(w) = -3*w**2 + w. Let f(a) = -3*c(a) - o(a). Calculate f(3).
-7
Let o(c) = -3*c**2 - 13*c + 4. Let f be o(-6). Let a = -24 - f. Let h(y) = y**3 - y**2 + 2*y - 3. Give h(a).
5
Let x = -21 - -24. Suppose x*q + 24 = -q. Let p(d) be the third derivative of -d**5/60 - d**4/6 + d**3/6 + 6*d**2. Calculate p(q).
-11
Let n(w) = -w**3 + 17*w**2 + 4*w - 17. Let k(d) = -3*d**2 - d + 1. Let s(u) = k(u) + n(u). Determine s(14).
26
Let c be (2/(-4) + 0)*-28. Let r be (24/c)/(22/77). Let g(s) = 0 + s - 6*s**2 - 8 + 3*s**3 + s - 2*s**3. What is g(r)?
4
Let n(x) be the third derivative of -x**4/24 + x**3/6 + 3*x**2 + 25*x. Calculate n(7).
-6
Let s be 34/(-5) - (-1)/(-5). Let a(g) = -5*g. Let d(v) be the second derivative of -11*v**3/6 - v**2/2 + 2*v. Let h(l) = s*a(l) + 3*d(l). Give h(3).
3
Let x(j) = -j**2 - 5*j - 5. Let p be x(-5). Let m(v) be the first derivative of v**2/2 - 2*v + 72. What is m(p)?
-7
Let i(a) = -a + 2. Suppose 61 = 5*k + 3*s, 2*s - 33 - 26 = -5*k. Calculate i(k).
-9
Suppose 4*x + 12 = 2*g, -11*g + 9*g = 4*x - 4. Let l(z) = -8*z**3 - 4*z**2 - 2*z. Calculate l(x).
6
Let l(k) = -k**2 - 2*k + 1. Let w be (0 + 2 + 0)*1. Suppose 0 = 3*j - w*j + 1. Let z be (-1 - (4 + -3))*j. Determine l(z).
-7
Let q(n) = n**2 + 3. Let c(u) = -7*u**2 - 33*u + 17. Let x be c(-5). Give q(x).
52
Let a(r) = r + 9. Let w = 10 - -38. Suppose 0 = g + 3*g - w. Let f = 6 - g. Determine a(f).
3
Let o = -8 - -2. Let q(y) = -227*y - 3 - 222*y + 447*y. Give q(o).
9
Let o(r) = 21*r + 16. Let s(j) = 10*j + 7. Let h(v) = 2*o(v) - 5*s(v). What is h(-5)?
37
Let n(d) = d**2 - 5*d + 2. Let f(p) = -p + 17. Let o be f(13). Let i(s) = 0*s**2 + 17*s - 7 + 3*s - o*s**2. Let q(c) = -2*i(c) - 9*n(c). Calculate q(3).
2
Let r be -6 - 2*(-85)/10. Let p(k) = k**3 - 12*k**2 + 14*k - 4. Calculate p(r).
29
Let f(u) be the second derivative of u**3/2 - 2*u**2 + u. Suppose 3*l - 2*b = -0*l + 10, 2*l - 6 = 2*b. Let k be 1/l - (-60)/16. Determine f(k).
8
Let u(t) = 2*t - 4. Let f be (-2)/3*(-216)/24. Determine u(f).
8
Let l(o) be the second derivative of o**6/120 - o**5/120 - 13*o**4/12 + 22*o. Let y(j) be the third derivative of l(j). Determine y(2).
11
Let b(c) = 2*c + 4*c - 3*c + 4. Let p(j) = -15*j + 87. Let q be p(6). Determine b(q).
-5
Suppose -2*w = 2*w + 3*v - 37, -43 = -4*w - 5*v. Let l(b) = -3*b + 2. Determine l(w).
-19
Let q(n) be the third derivative of -1/8*n**4 + 8*n**2 + 0*n - 1/120*n**5 + 0 + 11/6*n**3. Let l(i) be the first derivative of q(i). Give l(-5).
2
Let t be 5 + 0 + 0/(-1). Let o be ((-12)/10)/((-1)/t). Let g(f) = f - 6. Calculate g(o).
0
Let p(z) = z**3 - 2*z**2 - 1. Let i be p(2). Let b(g) = -10*g - g**3 + 10*g - 2*g**3 + g**2. Calculate b(i).
4
Let h be 8 - (27 + 120/(-12)). Let k(d) = -2*d**2 - 16*d + 16. Determine k(h).
-2
Let s(b) be the second derivative of 8*b - 1/6*b**3 - 1/2*b**2 + 1/12*b**4 + 0. Let p be 2/(-4)*-2 + 3. Determine s(p).
11
Let m(t) = 2*t**2 - 6*t**2 - 3 + 3*t**2 + 3*t. Let a = 80 - 77. Suppose -a*f + 6 = -0*f - 5*k, 0 = 3*f + k - 6. Give m(f).
-1
Let o(f) = f**2 - 14*f + 14. Let d be o(11). Let i = d - -12. Let m(p) = -p - 7. Let k(z) = -1. Let g(n) = -3*k(n) + m(n). Determine g(i).
3
Let o(x) = -x - 12. Let a = -117 + 110. Calculate o(a).
-5
Let r(t) be the first derivative of 7*t**2/2 - 2*t - 1. Let s be (6/(-11))/(-3) - (-56)/(-308). Suppose 5*k - 6*g = -8*g + 10, 2*k - g - 4 = s. Determine r(k).
12
Let x(q) = 389*q + 402*q + 24 + q**2 - 804*q. Calculate x(12).
12
Suppose 12*f - 84 = 18*f. Let s(d) = d**2 + 15*d. Calculate s(f).
-14
Let l(q) be the third derivative of -q**7/840 + q**6/180 + q**5/60 - q**4/12 + 13*q**3/2 + 19*q**2. Let r(v) be the first derivative of l(v). Determine r(-2).
10
Let n(g) be the second derivative of g**5/20 - 11*g**4/12 + g**3/6 - 8*g**2 + 38*g. Determine n(11).
-5
Let f be (3 - -2) + -7 + -2. Let t(j) = 5*j + 2. Determine t(f).
-18
Let d(y) be the first derivative of -y**2 + y + 5. Suppose 0*w = 2*w. Suppose l + 30 = z + 4*z, -3*z - 3*l = w. What is d(z)?
-9
Let y = 53 + -49. Let q(f) = y*f + 1 - 3 - 5*f. Determine q(-3).
1
Let g(t) = -4*t - t + t**2 + 0*t - 5. Let a = 4 - -2. Suppose -a*v + 14*v = 48. Determine g(v).
1
Let n = 1005 - 1002. Let p(a) be the second derivative of 0 + 1/6*a**n + 0*a**2 - 10*a - 3/5*a**5 + 0*a**4. Calculate p(-1).
11
Let j(g) = 79 - g - 234 + 81 + 93. Give j(11).
8
Let w(l) = -l + 3. Let k = 0 - 4. Let v be 1/(0 + k/(-4)). Let d(s) = -5*s + 2. Let x be d(v). Determine w(x).
6
Let a(o) = -6 + 3 - o - 3*o + 3*o. Calculate a(-10).
7
Let z(v) = -v**3 - 5*v**2 - v + 1. Let r(u) = u**3 - 10*u**2 - 14*u + 18. Let l be r(10). Let q = l - -117. What is z(q)?
6
Let m(x) be the third derivative of x**4/12 - x**3/6 - 206*x**2. Determine m(-2).
-5
Let h(x) = -x**2 - x + 1. Let j(v) = -2 + 2*v**3 - v + 4*v - 3*v**3 + 3*v**2. Let p = 135 + -134. Let l(i) = p*j(i) - h(i). Calculate l(4).
13
Let h = 6 + 0. Let j(n) = 9 + n**2 + 34*n - n**3 - 42*n - 2 + 6*n**2. Give j(h).
-5
Let r(g) = 23 - 42 + 18. Let w(b) = b + 4. Let t(d) = -2*d - 8. Let v(n) = -2*t(n) - 5*w(n). Let m(o) = 11*r(o) - 2*v(o). Calculate m(4).
5
Let a(l) be the third derivative of 0*l - 1/60*l**5 - 20*l**2 - 1/6*l**3 - 2 + 1/8*l**4. Calculate a(2).
1
Let c(p) = -3*p**2 - 11*p + 8. Let h be c(-4). Let a(s) = 1. Let r(y) = y**3 - 5*y**2 + 4*y + 6. Let u(g) = 5*a(g) - r(g). What is u(h)?
-1
Let b(k) = -12*k**2 + k**2 - 3*k + 9*k**2 - 1 + k**3. Calculate b(3).
-1
Let h(f) = -f**3 - 4*f**2 + 5*f + 4. Let p be (-35)/14*(-4)/10. Let s be (p - (-4)/6)*-3. Determine h(s).
4
Let i(m) = -4 + 5*m**2 - m**3 - 8*m**2 - 8*m + 14 - 7*m**2. Suppose 0*j + 2*j = 0, 3*f + j + 27 = 0. Determine i(f).
1
Let q(f) = -2*f + 1. Let g be q(-1). Suppose 0*n - 3*m + 66 = 3*n, g*m = 9. Suppose -n*t + 18*t + 2 = 0. Let d(b) = b**2 + b - 1. Give d(t).
5
Let p(t) = -t**3 - 4*t**2 + 6*t + 6. Let o = 400 + -405. Calculate p(o).
1
Let f(k) be the second derivative of 0*k**2 - 5/6*k**3 + 0 - k. Calculate f(2).
-10
Let a(o) = -6*o. Let x = -76 + 76. Suppose 4*w = -w - 5*d, x = -2*w + 4*d - 6. Determine a(w).
6
Let z be 106/(-6) + 4/(-12). Let p be (12/(-8))/(3/z). Let i = -5 + p. Let y(h) = -h**2 + 5*h + 1. Give y(i).
5
Suppose x = -5*d, 5*x + 0*d - d = -26. Let u(k) be the third derivative of 0 - 7/60*k**5 - 1/120*k**6 + k**3 - 1/4*k**4 + 13*k**2 + 0*k. What is u(x)?
-14
Let n(v) be the first derivative of v**5/12 + v**4/24 - 26*v**3/3 - 5. Let y(w) be the third derivative of n(w). What is y(1)?
11
Let p(t) = -6*t**2 + 5*t - 3*t - 3*t - 1. Suppose -17*h + 16 = -1. Suppose 16*a = 15*a - h. What is p(a)?
-6
Let z(b) = 9*b + 12. Let r be z(-3). Let h be (6/r)/(5/(-25)). Let g(l) = -4*l**2 - l - 1. Calculate g(h).
-19
Let g(y) = 13*y - 37. Let z(a) = 0 + 1 - 3*a + 10 - 2. Let t(c) = 2*g(c) + 9*z(c). Give t(9).
-2
Let h(m) = -2*m**2 + m. Let v = -45 - -53. Suppose 3*a + 20 = 5*a + 4*u, 0 = -2*a - u + v. Determine h(a).
-6
Suppose 5*w + 31*k = 29*k 